9627.
3, 7, 17, 37
List the prime factors of 134222.
2, 11, 6101
List the prime factors of 2104.
2, 263
What are the prime factors of 596?
2, 149
List the prime factors of 1233.
3, 137
What are the prime factors of 71639?
71, 1009
List the prime factors of 12111.
3, 11, 367
What are the prime factors of 4581?
3, 509
List the prime factors of 20820.
2, 3, 5, 347
What are the prime factors of 6381?
3, 709
What are the prime factors of 9123?
3, 3041
List the prime factors of 14096.
2, 881
What are the prime factors of 33329?
33329
List the prime factors of 882.
2, 3, 7
What are the prime factors of 59320?
2, 5, 1483
List the prime factors of 888.
2, 3, 37
List the prime factors of 517.
11, 47
List the prime factors of 32294.
2, 67, 241
What are the prime factors of 3509?
11, 29
What are the prime factors of 38174?
2, 19087
What are the prime factors of 6207?
3, 2069
What are the prime factors of 711?
3, 79
What are the prime factors of 11820?
2, 3, 5, 197
List the prime factors of 1959.
3, 653
What are the prime factors of 2707?
2707
What are the prime factors of 6502?
2, 3251
What are the prime factors of 1421?
7, 29
What are the prime factors of 8423?
8423
List the prime factors of 8245.
5, 17, 97
List the prime factors of 1336.
2, 167
What are the prime factors of 129585?
3, 5, 53, 163
List the prime factors of 7599.
3, 17, 149
What are the prime factors of 63550?
2, 5, 31, 41
What are the prime factors of 6465?
3, 5, 431
List the prime factors of 2073.
3, 691
What are the prime factors of 19690?
2, 5, 11, 179
List the prime factors of 10828.
2, 2707
List the prime factors of 44055.
3, 5, 11, 89
What are the prime factors of 21467?
21467
What are the prime factors of 439?
439
What are the prime factors of 105913?
105913
List the prime factors of 39127.
11, 3557
What are the prime factors of 34174?
2, 7, 2441
List the prime factors of 1922.
2, 31
List the prime factors of 92.
2, 23
List the prime factors of 1805.
5, 19
List the prime factors of 3054.
2, 3, 509
List the prime factors of 5897.
5897
List the prime factors of 2129.
2129
What are the prime factors of 27896?
2, 11, 317
List the prime factors of 1875.
3, 5
List the prime factors of 814.
2, 11, 37
What are the prime factors of 28004?
2, 7001
What are the prime factors of 41299?
41299
List the prime factors of 17983.
7, 367
What are the prime factors of 2569?
7, 367
What are the prime factors of 60584?
2, 7573
What are the prime factors of 74565?
3, 5, 1657
What are the prime factors of 86674?
2, 7, 41, 151
List the prime factors of 5315.
5, 1063
What are the prime factors of 15044?
2, 3761
What are the prime factors of 10258?
2, 23, 223
What are the prime factors of 175?
5, 7
What are the prime factors of 2999?
2999
List the prime factors of 1726.
2, 863
List the prime factors of 1434.
2, 3, 239
List the prime factors of 7383.
3, 23, 107
List the prime factors of 70773.
3, 31, 761
What are the prime factors of 853?
853
List the prime factors of 93493.
93493
List the prime factors of 2214.
2, 3, 41
List the prime factors of 79441.
17, 4673
What are the prime factors of 319?
11, 29
List the prime factors of 49628.
2, 19, 653
What are the prime factors of 46418?
2, 23209
What are the prime factors of 32501?
7, 4643
List the prime factors of 48787.
48787
List the prime factors of 13584.
2, 3, 283
List the prime factors of 1447.
1447
What are the prime factors of 699?
3, 233
What are the prime factors of 122186?
2, 199, 307
List the prime factors of 1083.
3, 19
List the prime factors of 1941.
3, 647
List the prime factors of 2735.
5, 547
List the prime factors of 1263.
3, 421
List the prime factors of 25916.
2, 11, 19, 31
List the prime factors of 9290.
2, 5, 929
What are the prime factors of 3229?
3229
List the prime factors of 1952.
2, 61
What are the prime factors of 24611?
24611
What are the prime factors of 1019?
1019
What are the prime factors of 23822?
2, 43, 277
List the prime factors of 7303.
67, 109
What are the prime factors of 131250?
2, 3, 5, 7
What are the prime factors of 3523?
13, 271
List the prime factors of 16214.
2, 11, 67
What are the prime factors of 252?
2, 3, 7
What are the prime factors of 46473?
3, 7, 2213
What are the prime factors of 12905?
5, 29, 89
What are the prime factors of 1717?
17, 101
List the prime factors of 1044.
2, 3, 29
List the prime factors of 25815.
3, 5, 1721
List the prime factors of 45729.
3, 5081
What are the prime factors of 53368?
2, 7, 953
What are the prime factors of 32?
2
What are the prime factors of 19241?
71, 271
List the prime factors of 537.
3, 179
What are the prime factors of 444?
2, 3, 37
What are the prime factors of 15732?
2, 3, 19, 23
List the prime factors of 2056.
2, 257
List the prime factors of 13929.
3, 4643
What are the prime factors of 66262?
2, 7, 4733
What are the prime factors of 2769?
3, 13, 71
List the prime factors of 4170.
2, 3, 5, 139
What are the prime factors of 1464?
2, 3, 61
List the prime factors of 2431.
11, 13, 17
What are the prime factors of 2009?
7, 41
What are the prime factors of 2290?
2, 5, 229
What are the prime factors of 732?
2, 3, 61
List the prime factors of 44423.
31, 1433
What are the prime factors of 24450?
2, 3, 5, 163
What are the prime factors of 33167?
17, 1951
List the prime factors of 9816.
2, 3, 409
List the prime factors of 679.
7, 97
What are the prime factors of 11621?
11621
What are the prime factors of 749?
7, 107
List the prime factors of 141.
3, 47
What are the prime factors of 5872?
2, 367
What are the prime factors of 3014?
2, 11, 137
What are the prime factors of 20514?
2, 3, 13, 263
List the prime factors of 6892.
2, 1723
List the prime factors of 28547.
28547
What are the prime factors of 987?
3, 7, 47
What are the prime factors of 126082?
2, 11, 521
What are the prime factors of 2942?
2, 1471
What are the prime factors of 787?
787
List the prime factors of 127.
127
List the prime factors of 140.
2, 5, 7
List the prime factors of 766.
2, 383
What are the prime factors of 994?
2, 7, 71
List the prime factors of 48280.
2, 5, 17, 71
List the prime factors of 509.
509
What are the prime factors of 2485?
5, 7, 71
List the prime factors of 23068.
2, 73, 79
What are the prime factors of 107675?
5, 59, 73
List the prime factors of 29993.
89, 337
List the prime factors of 2218.
2, 1109
List the prime factors of 1854.
2, 3, 103
What are the prime factors of 10848?
2, 3, 113
What are the prime factors of 7210?
2, 5, 7, 103
What are the prime factors of 142007?
142007
What are the prime factors of 29084?
2, 11, 661
List the prime factors of 2477.
2477
List the prime factors of 2901.
3, 967
What are the prime factors of 1350?
2, 3, 5
What are the prime factors of 5324?
2, 11
List the prime factors of 154.
2, 7, 11
List the prime factors of 1068.
2, 3, 89
List the prime factors of 1122.
2, 3, 11, 17
List the prime factors of 158.
2, 79
List the prime factors of 8323.
7, 29, 41
List the prime factors of 57701.
7, 8243
List the prime factors of 4118.
2, 29, 71
What are the prime factors of 12186?
2, 3, 677
List the prime factors of 10332.
2, 3, 7, 41
List the prime factors of 42177.
3, 17, 827
List the prime factors of 1963.
13, 151
List the prime factors of 4208.
2, 263
What are the prime factors of 405?
3, 5
List the prime factors of 1361.
1361
List the prime factors of 10121.
29, 349
List the prime factors of 7896.
2, 3, 7, 47
What are the prime factors of 733?
733
List the prime factors of 1060.
2, 5, 53
What are the prime factors of 1262?
2, 631
List the prime factors of 20911.
11, 1901
List the prime factors of 69694.
2, 34847
List the prime factors of 2168.
2, 271
What are the prime factors of 2784?
2, 3, 29
List the prime factors of 798.
2, 3, 7, 19
What are the prime factors of 31878?
2, 3, 7, 11, 23
List the prime factors of 37848.
2, 3, 19, 83
List the prime factors of 27752.
2, 3469
List the prime factors of 61256.
2, 13, 19, 31
List the prime factors of 7078.
2, 3539
List the prime factors of 14461.
14461
List the prime factors of 15848.
2, 7, 283
What are the prime factors of 4156?
2, 1039
List the prime factors of 4553.
29, 157
What are the prime factors of 8000?
2, 5
List the prime factors of 4277.
7, 13, 47
What are the prime factors of 2366?
2, 7, 13
What are the p